{"id":92,"date":"2023-06-14T20:58:49","date_gmt":"2023-06-14T20:58:49","guid":{"rendered":"https:\/\/annakingsford.com\/portugues\/?page_id=92"},"modified":"2025-06-26T20:56:08","modified_gmt":"2025-06-26T20:56:08","slug":"biblias-abertas","status":"publish","type":"page","link":"https:\/\/annakingsford.com\/portugues\/biblias-abertas\/","title":{"rendered":"B\u00edblias Abertas"},"content":{"rendered":"<div style=\"text-align: justify; text-indent: 72.0pt;\">\n<p><strong><em>O objetivo dessa se\u00e7\u00e3o \u00e9 reunir obras que atendam a orienta\u00e7\u00e3o dada na cita\u00e7\u00e3o que segue:<\/em><\/strong><\/p>\n<\/div>\n<div style=\"text-align: justify; text-indent: 72.0pt;\"><strong><em>A Interpreta\u00e7\u00e3o das Suas B\u00edblias<\/em><\/strong><\/div>\n<div style=\"text-align: justify; text-indent: 72.0pt; padding-bottom: 14px;\">\n<p><strong>\u201c<\/strong><strong>Aquilo que voc\u00eas precisam na Terra \u00e9 a interpreta\u00e7\u00e3o de suas B\u00edblias, e de todas as Escrituras que cont\u00e9m a sabedoria oculta, o mist\u00e9rio de que S\u00e3o Paulo t\u00e3o frequentemente mencionava como existindo desde os prim\u00f3rdios do mundo.<\/strong><strong>\u201d<\/strong><strong> (P. ex: <em>Romanos<\/em> 16:25) <\/strong> <strong> [<\/strong><a href=\"https:\/\/annakingsford.com\/portugues\/obras_de_anna_kingsford\/textos\/OAKM-P-Message-web.htm\" target=\"_blank\" rel=\"noopener\"><span style=\"text-decoration: underline;\"><em><strong>Uma Mensagem \u00e0 Terra<\/strong><\/em><\/span><strong><span style=\"text-decoration: underline;\">. Editado por Edward Maitland. p. 69<\/span><\/strong><\/a><strong>]<\/strong><\/p>\n<\/div>\n<h3 style=\"text-align: justify; text-indent: 36.0pt; padding-bottom: 14px;\"><strong><em>Obras de Anna Kingsford e Edward Maitland (ordem cronol\u00f3gica):<\/em><\/strong><\/h3>\n<ul>\n<li>\n<div style=\"text-align: justify; padding-bottom: 14px;\"><a href=\"https:\/\/annakingsford.com\/portugues\/obras_de_anna_kingsford\/textos\/OAKM-P-Soul-web.htm\" target=\"_blank\" rel=\"noopener\"> <em> <strong><u>The Soul, and How It Found Me<\/u><\/strong><\/em><\/a> <em>(A Alma e Como Ela Me Encontrou).<\/em> Publicado pelo Autor. Tinsley Brothers, Londres, 1877. 307 pp. Mais informa\u00e7\u00f5es e <strong>texto completo<\/strong> em <em>Html<\/em> nesse site: incluindo foto da capa original, e foto de Edward Maitland, at\u00e9 ent\u00e3o in\u00e9dita na Internet<em>.<\/em> Os texto completo dos cap\u00edtulos <strong>ainda est\u00e1 em ingl\u00eas.<\/strong><\/div>\n<\/li>\n<li>\n<div style=\"text-align: justify; padding-bottom: 14px;\"><a href=\"https:\/\/annakingsford.com\/portugues\/obras_de_anna_kingsford\/textos\/02-OAKM-P-Pway\/02-OAKM-P-Pway-txt.htm\" target=\"_blank\" rel=\"noopener\"><u><strong><em>The Perfect Way; or, the Finding of Christ<\/em><\/strong><\/u><\/a> <em>(O Caminho Perfeito; ou, a Descoberta de Cristo).<\/em> Anna Kingsford e Edward Maitland. Hamilton, Adams &amp; Co., Londres, 1882. Segunda edi\u00e7\u00e3o, revisada e ampliada: Field and Tuer, Londres, 1887; e tamb\u00e9m, Esoteric Publishing Company, Boston, 1988. 3<sup>a<\/sup> edi\u00e7\u00e3o: 1890. Quinta edi\u00e7\u00e3o, editada, com adi\u00e7\u00f5es e longo pref\u00e1cio, por Samuel Hopgood Hart: John M. Watkins, Londres, 1923. 405 pp. Mais informa\u00e7\u00f5es <strong>em portugu\u00eas,<\/strong> e <strong>texto completo<\/strong> da obra em <em>Html,<\/em><strong> em ingl\u00eas.<\/strong><\/div>\n<\/li>\n<li>\n<div style=\"text-align: justify; padding-bottom: 14px;\"><em><strong><a href=\"https:\/\/annakingsford.com\/portugues\/obras_de_anna_kingsford\/textos\/OAKM-P-End1881-web.htm\" target=\"_blank\" rel=\"noopener\"><span style=\"text-decoration: underline;\">How the World Came to an End in 1881<\/span><\/a><\/strong> <\/em> <em>(Como o Mundo Chegou a um Fim em 1881).<\/em> Publicado anonimamente (Edward Maitland). Field &amp; Tuer, Londres, 1884. 83 pp. Mais informa\u00e7\u00f5es <strong>em portugu\u00eas,<\/strong> e <strong>texto completo<\/strong> da obra em <em>Html,<\/em><strong> em ingl\u00eas.<\/strong><\/div>\n<\/li>\n<li>\n<div style=\"text-align: justify; padding-bottom: 14px;\"><a href=\"https:\/\/annakingsford.com\/portugues\/obras_de_anna_kingsford\/textos\/03-OAKM-P-Virgin.htm\" target=\"_blank\" rel=\"noopener\"><strong><em><u>The Virgin of the World<\/u><\/em><\/strong><\/a> <em>(A Virgem do Mundo).<\/em> Uma tradu\u00e7\u00e3o de manuscritos herm\u00e9ticos. Ensaios introdut\u00f3rios (sobre Hermetismo) e notas de Anna Kingsford e Edward Maitland. George Redway, Londres, 1885. Tamb\u00e9m em Madras: P. Kailasam Brothers; Spiritualistic Book Depot, 1885. 154 pp. Mais informa\u00e7\u00f5es em portugu\u00eas, e <strong>texto completo<\/strong> da obra em <em> Html<\/em>, <strong>em ingl\u00eas.<\/strong><\/div>\n<\/li>\n<li>\n<div style=\"text-align: justify; padding-bottom: 14px;\"><a href=\"https:\/\/annakingsford.com\/portugues\/obras_de_anna_kingsford\/textos\/015-OAKM-P-Astrology-web.htm\" target=\"_blank\" rel=\"noopener\"><strong><em><u>Astrology Theologized: the Spiritual Hermeneutics of Astrology and Holy Writ \u2013 A Treatise upon the Influence of the Stars on Man and on the Art of Ruling Them by the Law of Grace<\/u><\/em><\/strong> <\/a><em>(Astrologia Teologizada: A Hermen\u00eautica Espiritual da Astrologia e das Escrituras Sagradas \u2013 Um Tratado sobre a Influ\u00eancia dos Astros no Homem e a Arte de Reg\u00ea-los pela Lei da Gra\u00e7a).<\/em> Longo ensaio introdut\u00f3rio e tradu\u00e7\u00e3o de Anna Kingsford, a partir do original de Valentine Weigelius, de 1649. George Redway, Londres, 1886. 121 pp. Mais informa\u00e7\u00f5es em portugu\u00eas, e <strong>texto completo<\/strong> da obra\u00a0 em <em>Html<\/em>, <strong>em ingl\u00eas.<\/strong><\/div>\n<\/li>\n<li>\n<div style=\"text-align: justify; padding-bottom: 14px;\"><a href=\"https:\/\/annakingsford.com\/portugues\/obras_de_anna_kingsford\/textos\/017-OAKM-P-NewIllumination\/OAKM-P-NewIllumination-web.htm\" target=\"_blank\" rel=\"noopener\"><em><strong><u>The New Illumination<\/u><\/strong><\/em><\/a> <em>(A Nova Ilumina\u00e7\u00e3o).<\/em> Este texto, originalmente, foi um ensaio lido na Sociedade Herm\u00e9tica, em 15 de julho de 1886. Foi posteriormente publicado como um livreto por \u2013 George Conway, London, 1886. <strong>Texto completo<\/strong> nesse site em <em>Html<\/em>, <strong>em ingl\u00eas.<\/strong><\/div>\n<\/li>\n<li>\n<div style=\"text-align: justify; padding-bottom: 14px;\"><a href=\"https:\/\/annakingsford.com\/portugues\/obras_de_anna_kingsford\/textos\/06-OAKM-P-Clothedtxt.htm\" target=\"_blank\" rel=\"noopener\"><strong><em><u>Clothed with the Sun: Being the Illuminations of Anna (Bonus) Kingsford<\/u><\/em><\/strong><\/a> <em> (Vestida com o Sol: as Ilumina\u00e7\u00f5es de Anna (Bonus) Kingsford).<\/em> Editado por Edward Maitland. Primeira edi\u00e7\u00e3o: John M. Watkins, Londres<strong>, <\/strong> 1889. Segunda edi\u00e7\u00e3o: The Ruskin Press, Birmingham, 1906. Terceira edi\u00e7\u00e3o: editada por Samuel Hopgood Hart, 1937. Sun Books (reimpress\u00e3o), Santa Fe, 1993. 210 pp. Mais informa\u00e7\u00f5es em portugu\u00eas, e <strong>texto completo<\/strong> da obra em <em> Html<\/em>, <strong>em ingl\u00eas.<\/strong> P\u00e1ginas de t\u00edtulo, sum\u00e1rio e <strong>alguns cap\u00edtulos j\u00e1 em portugu\u00eas.<\/strong><\/div>\n<\/li>\n<li>\n<div style=\"text-align: justify; padding-bottom: 14px;\"><a href=\"https:\/\/annakingsford.com\/portugues\/obras_de_anna_kingsford\/textos\/OAKM-P-Bibleown-web.htm\" target=\"_blank\" rel=\"noopener\"><strong><em><u>The Bible\u2019s Own Account of Itself<\/u><\/em><\/strong><\/a><em> (O Relato da Pr\u00f3pria B\u00edblia sobre Si Mesma).<\/em> 1\u00aa Edi\u00e7\u00e3o: Ruskin Press, Birmingham, 1891. 2\u00aa Edi\u00e7\u00e3o, completa com <em>Ap\u00eandice<\/em>: Ruskin Press, Birmingham, 1905. 83 pp. 3\u00aa Edi\u00e7\u00e3o: John M. Watkins, Londres, 1913. Mais informa\u00e7\u00f5es em portugu\u00eas, e <strong>texto completo<\/strong> da obra em <em> Html<\/em>, <strong>em ingl\u00eas.<\/strong><\/div>\n<\/li>\n<li>\n<div style=\"text-align: justify; padding-bottom: 14px;\"><span style=\"text-decoration: underline;\"><strong><a href=\"https:\/\/annakingsford.com\/portugues\/obras_de_anna_kingsford\/textos\/OAKM-P-NewGospel-web.htm\" target=\"_blank\" rel=\"noopener\"><em>O \u201cNovo Evangelho da Interpreta\u00e7\u00e3o\u201d: Sendo um Resumo da Doutrina e uma Declara\u00e7\u00e3o da Origem, Objetivo, Fundamento, M\u00e9todo e Alcance da Uni\u00e3o Crist\u00e3 Esot\u00e9rica<\/em><\/a><\/strong><\/span> <em>(<\/em><em> The \u201cNew Gospel of Interpretation\u201d<\/em><em>: <\/em> <em> Being an Abstract of the Doctrine and a Statement of the Origin, Object, Basis, Method and Scope of the Esoteric Christian Union<\/em><em>).<\/em> Edward Maitland. Publicado pela Uni\u00e3o Crist\u00e3 Esot\u00e9rica, cujo Presidente-Fundador era Edward Maitland. Londres, Lamley &amp; Co., 1892. 93 pp. Mais informa\u00e7\u00f5es e <strong>texto completo<\/strong> da obra em <em>Html<\/em>, <strong>em portugu\u00eas.<\/strong><\/div>\n<\/li>\n<li>\n<div style=\"text-align: justify; padding-bottom: 14px;\"><strong><a href=\"https:\/\/annakingsford.com\/portugues\/obras_de_anna_kingsford\/textos\/OAKM-P-Appeal-web.htm\" target=\"_blank\" rel=\"noopener\"><u><em>The Appeal of the Esoteric Christian Union to the Churches and People of Christendom<\/em><\/u><\/a><\/strong> <em>(O Apelo da Uni\u00e3o Crist\u00e3 Esot\u00e9rica \u00e0s Igrejas e Povos da Cristandade).<\/em> Publicado pela Uni\u00e3o Crist\u00e3 Esot\u00e9rica, cujo Presidente-Fundador era Edward Maitland. Londres (37, Chelsea Gardens, S.W.), <em>circa<\/em> 1893. 8 pp. Mais informa\u00e7\u00f5es em portugu\u00eas, e <strong>texto completo<\/strong> deste importante documento em <em>Html<\/em>, <strong>em ingl\u00eas.<\/strong><\/div>\n<\/li>\n<li>\n<div style=\"text-align: justify; padding-bottom: 14px;\"><strong><a href=\"https:\/\/annakingsford.com\/portugues\/obras_de_anna_kingsford\/textos\/012-OAKM-P-MaitStory-web.htm\" target=\"_blank\" rel=\"noopener\"><u><em>The Story of Anna Kingsford and Edward Maitland and of the New Gospel of Interpretation<\/em><\/u><\/a><\/strong> <em>(A <\/em><em>Hist\u00f3ria de Anna Kingsford e Edward Maitland e do Novo Evangelho da Interpreta\u00e7\u00e3o).<\/em> 1\u00aa Edi\u00e7\u00e3o, 1893. 2\u00aa Edi\u00e7\u00e3o, 1894. 3\u00aa Edi\u00e7\u00e3o, editada por Samuel H. Hart: Ruskin Press, Birmingham, 1905. 204 pp. Mais informa\u00e7\u00f5es em portugu\u00eas, e <strong>texto completo<\/strong> da obra em <em> Html<\/em>, <strong>em ingl\u00eas.<\/strong><\/div>\n<\/li>\n<li>\n<div style=\"text-align: justify; padding-bottom: 14px;\"><a href=\"https:\/\/annakingsford.com\/portugues\/obras_de_anna_kingsford\/textos\/013-OAKM-P-MaitLife-web.htm\" target=\"_blank\" rel=\"noopener\"><strong><em><u>The Life of Anna Kingsford: Her Life, Letters, Diary and Work<\/u><\/em><\/strong><\/a> <em>(A Vida de Anna Kingsford: Sua Vida, Cartas, Di\u00e1rio e Obra).<\/em> Dois volumes. George Redway, Londres, 1896. 3\u00aa Edi\u00e7\u00e3o, editada por Samuel Hopgood Hart: John M. Watkins, Londres, 1913. Vol. I, 442 pp.; Vol. II, 466 pp. Mais informa\u00e7\u00f5es em portugu\u00eas, e <strong>texto completo<\/strong> da obra em <em> Html<\/em>, <strong>em ingl\u00eas.<\/strong><\/div>\n<\/li>\n<li>\n<div style=\"text-align: justify; padding-bottom: 14px;\"><a href=\"https:\/\/annakingsford.com\/portugues\/obras_de_anna_kingsford\/textos\/07-OAKM-P-Addr-web.htm\" target=\"_blank\" rel=\"noopener\"><strong><em><u>Addresses and Essays on Vegetarianism<\/u><\/em><\/strong><\/a> <em>(Palestras e Ensaios sobre o Vegetarianismo). <\/em>Anna Kingsford e Edward Maitland. Editado por Samuel Hopgood Hart. John M. Watkins, Londres, 1912. 227 pp. Mais informa\u00e7\u00f5es em portugu\u00eas, e <strong>texto completo<\/strong> da obra em <em> Html<\/em>, <strong>em ingl\u00eas:<\/strong> o cap\u00edtulo <strong><em>O Vegetarianismo e a B\u00edblia<\/em><\/strong>, j\u00e1 est\u00e1 em portugu\u00eas.<\/div>\n<\/li>\n<li>\n<div style=\"text-align: justify; padding-bottom: 14px;\"><a href=\"https:\/\/annakingsford.com\/portugues\/obras_de_anna_kingsford\/textos\/08-OAKM-P-Credo-web.htm\" target=\"_blank\" rel=\"noopener\"><em><u><strong>The Credo of Christendom: and other Addresses and Essays on Esoteric Christianity<\/strong><\/u><\/em><\/a> <em> (O Credo do Cristianismo: e Outras Palestras e Ensaios sobre o Cristianismo Esot\u00e9rico).<\/em> Anna Kingsford e Edward Maitland. Editado por Samuel Hopgood Hart. John M. Watkins, Londres, 1916. 256 pp. Mais informa\u00e7\u00f5es e dois cap\u00edtulos <strong>em portugu\u00eas,<\/strong> e demais cap\u00edtulos do <strong>texto completo<\/strong> em <em>Html<\/em> <strong>ainda em ingl\u00eas.<\/strong><\/div>\n<\/li>\n<\/ul>\n<h3 style=\"text-align: justify; text-indent: 36.0pt; padding-bottom: 14px;\"><strong><em> Obras de Outros Autores (ordem alfab\u00e9tica, autor e t\u00edtulo):<\/em><\/strong><\/h3>\n<p><b>Anonimante Publicada<\/b><\/p>\n<ul>\n<li>\n<div style=\"text-align: justify; padding-bottom: 14px;\"><strong> <a href=\"https:\/\/annakingsford.com\/portugues\/obras_de_anna_kingsford\/textos\/OAKM-P-Message-web.htm\" target=\"_blank\" rel=\"noopener\"> <em><span style=\"text-decoration: underline;\">\u201cUma Mensagem \u00e0 Terra\u201d<\/span><\/em><\/a><\/strong> <em>(A Message to Earth).<\/em> Publicado anonimamente. [Nota do compilador: Provavelmente editado por Edward Maitland.] Publicado em conjunto com os escritos reconhecidos pela <em>Uni\u00e3o Crist\u00e3 Esot\u00e9rica<\/em> como pertencendo ao <em>\u201cNovo Evangelho da Interpreta\u00e7\u00e3o\u201d<\/em>. Londres (Lamley &amp; Co., 1 &amp; 3 Exhibition Road, S.W.), 1892. 93 pp. Mais informa\u00e7\u00f5es e <strong>texto <em>Html <\/em>completo<\/strong> da obra, <strong>em portugu\u00eas.<\/strong><\/div>\n<\/li>\n<\/ul>\n<p><b>Bailey, Alice<\/b><\/p>\n<ul>\n<li>\n<div style=\"text-align: justify; padding-bottom: 14px;\"><strong><em><a href=\"https:\/\/annakingsford.com\/portugues\/Biblias_Abertas\/OB-P-BelemCalv-web.htm\" target=\"_blank\" rel=\"noopener\"><span style=\"text-decoration: underline;\">De Bel\u00e9m ao Calv\u00e1rio<\/span><\/a>.<\/em><\/strong> Alice A. Bailey. Funda\u00e7\u00e3o Cultural Avatar, Niter\u00f3i, 1990. 257 pp. Mais informa\u00e7\u00e3o e <strong> texto <em> Html,<\/em> em portugu\u00eas,<\/strong> apenas do cap\u00edtulo inicial nesse site (pois a obra \u00e9 protegida por <em>copyright<\/em>).<\/div>\n<\/li>\n<\/ul>\n<p><b>Blavatsky, Helena<\/b><\/p>\n<ul>\n<li><a href=\"https:\/\/annakingsford.com\/portugues\/Biblias_Abertas\/OB-P-BlavFuturoST.htm\" target=\"_blank\" rel=\"noopener\"><em><strong><span style=\"text-decoration: underline;\">O Futuro da Sociedade Teos\u00f3fica<\/span><\/strong><\/em><\/a><strong>.<\/strong> In <strong><em>The Key to Theosophy<\/em><\/strong>, pp. 238-242. TPH, Madras, 1987, 242 pp. <em><strong>Texto completo, em portugu\u00eas, <\/strong><\/em>nesse site.<\/li>\n<\/ul>\n<p><b> Ferrier, John Todd<\/b><\/p>\n<ul>\n<li>\n<div style=\"text-align: justify; padding-bottom: 14px;\"><a href=\"https:\/\/annakingsford.com\/portugues\/Biblias_Abertas\/OB-P-Ferrier-DeepSeaFish-Web.htm\" target=\"_blank\" rel=\"noopener\"> <strong> <em> <u>Deep Sea Fisheries (and, The Parable of the Net)<\/u><\/em><\/strong><\/a> [<em>Pescarias em Alto Mar (e, A Par\u00e1bola da Rede)<\/em>]. John Todd Ferrier. Publicado no livro <strong><em>Great Recoveries \u2013 New Light on Some Familiar Parables<\/em><\/strong> (<em>Grandes Restaura\u00e7\u00f5es<\/em> <em>\u2013<\/em><em> Novas Luzes sobre Algumas Par\u00e1bolas Familiares<\/em>) (pp. 41-59). The Order of the Cross, London. 1964. pp. 73. Esses textos foram reproduzidos com a permiss\u00e3o dos propriet\u00e1rios dos direitos autorais (<em>copyright<\/em>), os <em> \u201c<\/em><em>Trustees<\/em><em>\u201d<\/em> da Ordem da Cruz. <strong> Texto <em>Html <\/em>completo<\/strong> nesse site.<\/div>\n<\/li>\n<li>\n<div style=\"text-align: justify; padding-bottom: 14px;\"><strong><em><a href=\"https:\/\/annakingsford.com\/portugues\/Biblias_Abertas\/OB-P-Ferrier-Extracts-Web.htm\" target=\"_blank\" rel=\"noopener\"><span style=\"text-decoration: underline;\">Extracts from the Teachings of the Rev. John Todd Ferrier<\/span><\/a><\/em><\/strong> (<em>Extratos dos Ensinamentos do Rev. John Todd Ferrier<\/em>). Livreto publicado pela Ordem da Cruz. Reproduzido com a permiss\u00e3o dos propriet\u00e1rios dos direitos autorais (<em>copyright<\/em>), os <em> \u201c<\/em><em>Trustees<\/em><em>\u201d<\/em> da Ordem da Cruz. <strong> Texto <em>Html <\/em>completo<\/strong> nesse site.<\/div>\n<\/li>\n<li>\n<div style=\"text-align: justify; padding-bottom: 14px;\"><a href=\"https:\/\/annakingsford.com\/portugues\/Biblias_Abertas\/OB-P-Ferrier-ComingKingdom-Web.htm\" target=\"_blank\" rel=\"noopener\"><strong><em><u>The Coming of the Kingdom (and, The Sign of the Spirit)<\/u><\/em><\/strong><\/a> [<em>A Vinda do Reino (e, O Sinal do Esp\u00edrito)<\/em>]. John Todd Ferrier. Publicado na revista <strong><em>The Herald of the Cross<\/em><\/strong>, Vol. XXI, N\u00ba. 5. Set-Out, 1947. The Order of the Cross, London. pp. 164-182. Textos reproduzidos com a permiss\u00e3o dos propriet\u00e1rios dos direitos autorais (<em>copyright<\/em>), os <em> \u201c<\/em><em>Trustees<\/em><em>\u201d<\/em> da Ordem da Cruz. <strong> Texto <em>Html <\/em>completo<\/strong> nesse site.<\/div>\n<\/li>\n<li>\n<div style=\"text-align: justify; padding-bottom: 14px;\"><strong><em><a href=\"https:\/\/annakingsford.com\/portugues\/Biblias_Abertas\/OB-P-Ferrier-Sayings-Web.htm\" target=\"_blank\" rel=\"noopener\"><span style=\"text-decoration: underline;\">The Logia or Sayings of the Master, as Spoken by Him; Recovered in these Days, as Was Foretold by Him<\/span><\/a><\/em><\/strong> (<em>Os Ensinamentos ou Ditos do Mestre, como por Ele Foram Proferidos; que Foram Recuperados nestes Dias, conforme Foi por Ele Predito<\/em>). John Todd Ferrier. London, The Order of the Cross, 1991. 412 pp. Mais informa\u00e7\u00f5es e<strong> texto <em> Html,<\/em> em ingl\u00eas,<\/strong> somente do cap\u00edtulo inicial nesse site (pois a obra ainda \u00e9 protegida por <em>copyright<\/em>).<\/div>\n<\/li>\n<\/ul>\n<p><b> Forsyth, E. M.<\/b><\/p>\n<ul>\n<li>\n<div style=\"text-align: justify; padding-bottom: 14px;\"><strong><em> <a href=\"https:\/\/annakingsford.com\/portugues\/obras_de_anna_kingsford\/textos\/OAKM-P-Intima-web.htm\" target=\"_blank\" rel=\"noopener\"><span style=\"text-decoration: underline;\"> Intima Sacra: a Manual of Esoteric Devotion<\/span><\/a><\/em><\/strong> <em>(Intima Sacra: um Manual de Devo\u00e7\u00e3o Esot\u00e9rica).<\/em> Compilado por E. M. Forsyth. David Stott, Londres: 370, Oxford Street, W. 1891. 163 pp. Este livro \u00e9 uma compila\u00e7\u00e3o de textos dos escritos da Dra. Anna Kingsford, e cont\u00e9m um <em>Pref\u00e1cio<\/em> de Edward Maitland. Ele foi escrito como um resumo e uma introdu\u00e7\u00e3o \u00e0 mensagem dessas duas almas-profetas. Como se trata de obra importante, decidimos mostr\u00e1-la tamb\u00e9m nessa se\u00e7\u00e3o. Mais informa\u00e7\u00f5es em portugu\u00eas, e <strong>texto completo<\/strong> da obra em <em> Html,<\/em> cujos cap\u00edtulos, em sua maioria, est\u00e3o <strong><em>ainda em ingl\u00eas<\/em><\/strong>.<\/div>\n<\/li>\n<\/ul>\n<p><strong>McCrie, Bertram<\/strong><\/p>\n<ul>\n<li>\n<div style=\"text-align: justify; padding-bottom: 14px;\"><span style=\"text-decoration: underline;\"><a href=\"https:\/\/annakingsford.com\/portugues\/obras_de_anna_kingsford\/textos\/OAKM-P-CrieLTC\/OAKM-P-CrieLTC.htm\" target=\"_blank\" rel=\"noopener\"><em><strong>A Verdade Viva no Cristianismo<\/strong><\/em><\/a><\/span><a href=\"https:\/\/annakingsford.com\/portugues\/obras_de_anna_kingsford\/textos\/OAKM-P-CrieLTC\/OAKM-P-CrieLTC.htm\" target=\"_blank\" rel=\"noopener\"><em><strong>\u00a0<\/strong><\/em><\/a> <em>(The Living Truth in <\/em><em>Christianity).<\/em> John M. Watkins, Londres: 21 Cecil Court, Charing Cross Road, 1915. 43 pp. Embora esse pequeno livro n\u00e3o tenha sido escrito por Kingsford ou Maitland, ele foi escrito como uma introdu\u00e7\u00e3o \u00e0 mensagem dessas duas almas-profetas e, como \u00e9 uma obra importante, decidimos apresent\u00e1-la tamb\u00e9m nessa se\u00e7\u00e3o. Mais informa\u00e7\u00f5es e <strong>texto <em>Html<\/em> de v\u00e1rios cap\u00edtulos em portugu\u00eas,<\/strong> <strong>e demais cap\u00edtulos <\/strong>da obra <strong>ainda em ingl\u00eas.<\/strong><\/div>\n<\/li>\n<\/ul>\n<p><strong>Mead, G. R. S.<\/strong><\/p>\n<ul>\n<li>\n<div style=\"text-align: justify; padding-bottom: 14px;\"><a href=\"https:\/\/annakingsford.com\/portugues\/Biblias_Abertas\/OB-P-Mead-Gospels-Web.htm\" target=\"_blank\" rel=\"noopener\"><strong> <em><u>The Gospels and the Gospel<\/u><\/em><\/strong><\/a> <em>(Os Evangelhos e o Evangelho).<\/em> G.R.S. Mead. Inicialmente publicado na Inglaterra. Reimpress\u00e3o mais recente pela Kessinger Pub Co, 1992. 215 pp. Mais informa\u00e7\u00f5es e <strong><em>texto Html <\/em><\/strong>apenas <strong>dos tr\u00eas \u00faltimos cap\u00edtulos<\/strong> da obra nesse site, <strong>em ingl\u00eas.<\/strong><\/div>\n<\/li>\n<\/ul>\n<p><strong>Sisson<\/strong><strong> Filho, Arnaldo <\/strong><\/p>\n<ul>\n<li>\n<div style=\"text-align: justify; padding-bottom: 14px;\"><span style=\"text-decoration: underline;\"><em><strong><a href=\"https:\/\/ideiasmundomelhor.com\/teosofia-e-fraternidade-universal-indice-da-obra-sumario-das-citacoes-prefacio-e-introducao\/\" target=\"_blank\" rel=\"noopener\">Teosofia, a Lei da Fraternidade Universal e os Problemas Mundiais<\/a><\/strong><\/em><\/span><strong>.<\/strong> Esse link direciona para o texto completo da obra em portugu\u00eas, o qual se encontra no <strong><em>Site &#8220;Ideias para um Mundo Melhor&#8221;<\/em>. Esse livro est\u00e1 dispon\u00edvel como e-book na <a href=\"https:\/\/www.amazon.com.br\/Teosofia-Fraternidade-Universal-Problemas-Mundiais-ebook\/dp\/B0DWY2YFY6\/ref=sr_1_3?crid=X9EJUWX7Z7TF&amp;dib=eyJ2IjoiMSJ9.HOVNGZTgJx5CBZDVUsjPc5szwF7T2WsREDcuHca0NAct_6H45FzXcws8LMZ06L7RiScJm03xIf0waEF6Ai2XgcAd-YeswoCMxRWY3tRdW_4.KGqKNNgXuLUAbYcZP18B7Z5K4hADQPrAQl7WKXET_5s&amp;dib_tag=se&amp;keywords=arnaldo+sisson+filho&amp;qid=1741897190&amp;sprefix=arnaldo+sisson+fil%2Caps%2C317&amp;sr=8-3\" target=\"_blank\" rel=\"noopener\"><em>Amazon<\/em><\/a>.<\/strong><\/div>\n<\/li>\n<\/ul>\n<p><strong>Sri Ram, N.<\/strong><\/p>\n<ul>\n<li>\n<div style=\"text-align: justify; padding-bottom: 14px;\"><em> <strong> <a href=\"https:\/\/annakingsford.com\/portugues\/Biblias_Abertas\/OB-I-SriRam-CaminhoOculto-Web.html\" target=\"_blank\" rel=\"noopener\"><span style=\"text-decoration: underline;\"> O Caminho Oculto<\/span><\/a><\/strong><\/em><strong>.<\/strong> N. Sri Ram. Esse importante texto nos ensina a respeito dos aspectos decisivos do Caminho Oculto. <strong> Texto <em> Html <\/em>da obra completa, em portugu\u00eas.<\/strong><\/div>\n<\/li>\n<\/ul>\n<p><strong> Taimni, I. K. <\/strong><\/p>\n<ul>\n<li>\n<div style=\"text-align: justify; padding-bottom: 14px;\"><strong><em> <a href=\"https:\/\/annakingsford.com\/portugues\/Biblias_Abertas\/OB-P-HinduSymb-web.htm\" target=\"_blank\" rel=\"noopener\"><span style=\"text-decoration: underline;\"> An Introduction to Hindu Symbolism<\/span><\/a><\/em><\/strong> <em>(Uma Introdu\u00e7\u00e3o ao Simbolismo Hindu)<\/em> I. K. Taimni. TPH, Madras, 1980. 118 pp. Mais informa\u00e7\u00e3o e <strong> texto <em> Html,<\/em> em ingl\u00eas,<\/strong> apenas dos cap\u00edtulos iniciais nesse site (pois a obra ainda \u00e9 protegida por <em>copyright<\/em>).<\/div>\n<\/li>\n<\/ul>\n<p><strong>Thomas, Kate <\/strong><\/p>\n<ul>\n<li>\n<div style=\"text-align: justify; padding-bottom: 14px;\"><strong><em> <a href=\"https:\/\/annakingsford.com\/portugues\/Biblias_Abertas\/OB-P-PerigosNovaEra.htm\" target=\"_blank\" rel=\"noopener\"><span style=\"text-decoration: underline;\"> Os Perigos do Narcisismo da Nova Era<\/span><\/a>.<\/em><\/strong> Kate Thomas. Um resumo da parte final do livro: <em><strong>The Destiny Challenge<\/strong><\/em>, de Kate Thomas. New Frequency Press, 1992.<\/div>\n<\/li>\n<\/ul>\n<p><strong> Tom\u00e9, D\u00eddimo Judas (S\u00e3o Tom\u00e9)<\/strong><\/p>\n<ul>\n<li>\n<div style=\"text-align: justify; padding-bottom: 14px;\"><strong><em> <a href=\"https:\/\/annakingsford.com\/portugues\/Biblias_Abertas\/OB-P-Evangelho-Tome.htm\" target=\"_blank\" rel=\"noopener\"><span style=\"text-decoration: underline;\"> O Evangelho de Tom\u00e9<\/span><\/a><\/em><\/strong><em><strong>.<\/strong> Textos provis\u00f3rios de breve introdu\u00e7\u00e3o e tradu\u00e7\u00e3o do Evangelho de Tom\u00e9. Introdu\u00e7\u00e3o de Arnaldo Sisson Filho, tradu\u00e7\u00e3o de Arnaldo Sisson Filho, Gilmar Gonzaga e Marcus Carvalho.<\/em> Bras\u00edlia, 2013.<\/div>\n<\/li>\n<\/ul>\n","protected":false},"excerpt":{"rendered":"<p>O objetivo dessa se\u00e7\u00e3o \u00e9 reunir obras que atendam a orienta\u00e7\u00e3o dada na cita\u00e7\u00e3o que segue: A Interpreta\u00e7\u00e3o das Suas&hellip;<\/p>\n","protected":false},"author":1,"featured_media":0,"parent":0,"menu_order":0,"comment_status":"closed","ping_status":"closed","template":"","meta":{"_seopress_robots_primary_cat":"","_seopress_titles_title":"","_seopress_titles_desc":"","_seopress_robots_index":"","_editorskit_title_hidden":false,"_editorskit_reading_time":0,"_editorskit_is_block_options_detached":false,"_editorskit_block_options_position":"{}","footnotes":""},"class_list":["post-92","page","type-page","status-publish","hentry"],"_links":{"self":[{"href":"https:\/\/annakingsford.com\/portugues\/wp-json\/wp\/v2\/pages\/92","targetHints":{"allow":["GET"]}}],"collection":[{"href":"https:\/\/annakingsford.com\/portugues\/wp-json\/wp\/v2\/pages"}],"about":[{"href":"https:\/\/annakingsford.com\/portugues\/wp-json\/wp\/v2\/types\/page"}],"author":[{"embeddable":true,"href":"https:\/\/annakingsford.com\/portugues\/wp-json\/wp\/v2\/users\/1"}],"replies":[{"embeddable":true,"href":"https:\/\/annakingsford.com\/portugues\/wp-json\/wp\/v2\/comments?post=92"}],"version-history":[{"count":8,"href":"https:\/\/annakingsford.com\/portugues\/wp-json\/wp\/v2\/pages\/92\/revisions"}],"predecessor-version":[{"id":311,"href":"https:\/\/annakingsford.com\/portugues\/wp-json\/wp\/v2\/pages\/92\/revisions\/311"}],"wp:attachment":[{"href":"https:\/\/annakingsford.com\/portugues\/wp-json\/wp\/v2\/media?parent=92"}],"curies":[{"name":"wp","href":"https:\/\/api.w.org\/{rel}","templated":true}]}}