{"id":41,"date":"2023-06-14T19:54:55","date_gmt":"2023-06-14T19:54:55","guid":{"rendered":"https:\/\/annakingsford.com\/portugues\/?page_id=41"},"modified":"2023-10-26T19:51:13","modified_gmt":"2023-10-26T19:51:13","slug":"busca","status":"publish","type":"page","link":"https:\/\/annakingsford.com\/portugues\/busca\/","title":{"rendered":"Buscas no Site: Informa\u00e7\u00f5es e Mecanismos"},"content":{"rendered":"<p style=\"text-align: justify; text-indent: 36.0pt;\" align=\"justify\"><strong><em>Buscas no Site: Informa\u00e7\u00f5es e Mecanismos<\/em><\/strong><\/p>\n<p style=\"text-align: justify; text-indent: 36.0pt;\" align=\"justify\">O Site Anna Kingsford cont\u00e9m muitas obras completas em HTML, gratuitas e online. Assim sendo, com frequ\u00eancia torna-se importante o emprego de mecanismos de busca geral dentro da cole\u00e7\u00e3o de obras, textos e imagens do site.<\/p>\n<p style=\"text-align: justify; text-indent: 36.0pt;\" align=\"justify\">No in\u00edcio do seu desenvolvimento, por v\u00e1rios anos us\u00e1vamos apenas a linguagem HTML. Mais recentemente passamos a usar tamb\u00e9m a linguagem (sistema) WordPress.<\/p>\n<p style=\"text-align: justify; text-indent: 36.0pt;\" align=\"justify\">Com isso, um dos nossos mecanismos gerais de busca, aquele que est\u00e1 no canto direito superior da <a href=\"https:\/\/annakingsford.com\/portugues\/\" target=\"_blank\" rel=\"noopener\"><strong><em><u>p\u00e1gina das Se\u00e7\u00f5es<\/u><\/em><\/strong><\/a>, faz a busca apenas <em><strong>nas p\u00e1ginas do Site que foram desenvolvidas <span style=\"text-decoration: underline;\">em WordPress e em portugu\u00eas<\/span><\/strong><\/em>.<\/p>\n<p style=\"text-align: justify; text-indent: 36.0pt;\" align=\"justify\">Por essa raz\u00e3o criamos nesta Se\u00e7\u00e3o sobre buscas no Site, logo abaixo, outro mecanismo de busca geral no Site (tamb\u00e9m desenvolvido pelo Google) que faz a <em><strong>busca apenas em <span style=\"text-decoration: underline;\">todas as p\u00e1ginas do Site em portugu\u00eas<\/span> (tanto em HTML quanto em WordPress)<\/strong><\/em>.<\/p>\n<p style=\"text-align: justify; text-indent: 36.0pt;\" align=\"justify\">Segue o mecanismo de busca do Google, <em><strong>para todas as p\u00e1ginas em portugu\u00eas:<\/strong><\/em><\/p>\n<p><script async src=\"https:\/\/cse.google.com\/cse.js?cx=e9092715a8eaef051\">\n<\/script><\/p>\n<div class=\"gcse-search\"><\/div>\n","protected":false},"excerpt":{"rendered":"<p>Buscas no Site: Informa\u00e7\u00f5es e Mecanismos O Site Anna Kingsford cont\u00e9m muitas obras completas em HTML, gratuitas e online. Assim&hellip;<\/p>\n","protected":false},"author":1,"featured_media":0,"parent":0,"menu_order":0,"comment_status":"closed","ping_status":"closed","template":"","meta":{"_seopress_robots_primary_cat":"","_seopress_titles_title":"","_seopress_titles_desc":"","_seopress_robots_index":"","_editorskit_title_hidden":false,"_editorskit_reading_time":0,"_editorskit_is_block_options_detached":false,"_editorskit_block_options_position":"{}","footnotes":""},"class_list":["post-41","page","type-page","status-publish","hentry"],"_links":{"self":[{"href":"https:\/\/annakingsford.com\/portugues\/wp-json\/wp\/v2\/pages\/41","targetHints":{"allow":["GET"]}}],"collection":[{"href":"https:\/\/annakingsford.com\/portugues\/wp-json\/wp\/v2\/pages"}],"about":[{"href":"https:\/\/annakingsford.com\/portugues\/wp-json\/wp\/v2\/types\/page"}],"author":[{"embeddable":true,"href":"https:\/\/annakingsford.com\/portugues\/wp-json\/wp\/v2\/users\/1"}],"replies":[{"embeddable":true,"href":"https:\/\/annakingsford.com\/portugues\/wp-json\/wp\/v2\/comments?post=41"}],"version-history":[{"count":5,"href":"https:\/\/annakingsford.com\/portugues\/wp-json\/wp\/v2\/pages\/41\/revisions"}],"predecessor-version":[{"id":252,"href":"https:\/\/annakingsford.com\/portugues\/wp-json\/wp\/v2\/pages\/41\/revisions\/252"}],"wp:attachment":[{"href":"https:\/\/annakingsford.com\/portugues\/wp-json\/wp\/v2\/media?parent=41"}],"curies":[{"name":"wp","href":"https:\/\/api.w.org\/{rel}","templated":true}]}}